late the highest common divisor of u and 15.
15
Let q be 364/12 + (-2)/6. Let c be 3*16/36*q. Calculate the highest common factor of 10 and c.
10
Suppose l = 23 - 1. What is the greatest common factor of l and 11?
11
Let o(d) = 0*d + d - d + 7 + d. Let h(m) = 2*m + 14. Let k(y) = 4*h(y) - 7*o(y). Let n be k(-5). What is the greatest common divisor of 2 and n?
2
Suppose w + w - 41 = 5*y, 10 = -2*y. Let a(c) = 5*c - 7. Let k be a(w). Suppose 0 = -4*i + k + 119. Calculate the greatest common divisor of i and 57.
19
Let x be (-1 - 4)*20/(-25). Suppose -o + 85 = s, x*o = -o - s + 405. Calculate the highest common factor of o and 8.
8
Suppose -4*g - 73 = 275. Let v(t) = 6*t**2 + 8*t - 6. Let a be v(-6). Let k = g + a. Calculate the highest common divisor of k and 15.
15
Let y = -38 - -59. What is the greatest common factor of 6 and y?
3
Suppose 0*v - 5*v + 65 = 0. Let w = v - 9. Let g be -3 + -1 + (51 - 3). What is the highest common divisor of w and g?
4
Suppose 3*j - 23 = -k, 3*j + 12 = k - 41. Let m(f) = -f**2 - 13*f + 2. Let p be m(-11). Let n = k - p. Calculate the highest common factor of n and 2.
2
Suppose -i + 573 = 5*x - 367, 0 = 2*x + 3*i - 363. What is the greatest common divisor of 21 and x?
21
Suppose -5*g + 562 = 3*m, -4*m + 231 = 4*g - 225. Calculate the highest common divisor of 44 and g.
22
Suppose n = -0*n + 20. What is the greatest common divisor of 50 and n?
10
Let v(l) = 2*l**2 - 1. Let i be v(1). What is the greatest common divisor of 1 and i?
1
Let b(h) = -4*h - 118. Let v be b(-30). What is the greatest common factor of v and 8?
2
Let w(i) = i**2 - i. Let p be w(3). Let s(b) = -b**3 + 6*b**2 + 5*b + 5. Let g be s(p). Calculate the greatest common factor of 385 and g.
35
Let s be (17/(-3))/(1/(-6)). Suppose 4*y - 490 = -3*w, -y + 1 = 6. Suppose 0*p = 2*p - w. Calculate the greatest common divisor of p and s.
17
Suppose m + 4*s = 6*m + 55, 5*s = 2*m + 5. Suppose 54 + 12 = 3*n. Let f = m + n. Calculate the highest common divisor of 77 and f.
7
Suppose 2*s - 2*l - 15 = -3*l, 0 = s - 2*l - 15. Suppose -19*d = -18*d - 63. What is the highest common divisor of s and d?
9
Suppose -4*v = -27 - 5. What is the highest common factor of 104 and v?
8
Suppose 0 = -4*t + 67 - 19. Calculate the greatest common factor of t and 108.
12
Let p be (-1)/3 - (-2)/6. Suppose -2*g - g + 51 = p. Let v be (-1 - (-260)/(-12))/(1/(-6)). What is the highest common factor of v and g?
17
Let j = -25 - -7. Let z = 28 + j. Let b be 2 + (-218)/(-2) + -1. What is the greatest common divisor of z and b?
10
Let k(v) = -22*v - 10. Let w be k(-7). Calculate the highest common factor of w and 16.
16
Let s be (-6)/(-4)*(-4)/(-6). Let q(v) = -4*v - 1 - 1 + s + 3*v**2. Let x be q(3). What is the highest common factor of 70 and x?
14
Let j = 2 + -4. Let o be 179/4 - j/8. Suppose 4*u = 2 + 18. Calculate the highest common factor of u and o.
5
Suppose -163 = 4*c - 543. What is the greatest common divisor of c and 38?
19
Suppose -3*a + 548 - 152 = 0. Let n be 38/3 - 6/9. What is the highest common divisor of n and a?
12
Let m = -350 - -636. Calculate the highest common factor of 26 and m.
26
Let j be 3/(-1 + (-8)/(-5)). Suppose 28 - 3 = j*q. What is the highest common divisor of q and 55?
5
Suppose -4*u + 136 = 4*i, -83 - 17 = -3*i - 4*u. Calculate the highest common divisor of 36 and i.
36
Let v(s) = 14*s**2 + s. Let h be v(-1). Calculate the greatest common factor of 39 and h.
13
Let m be 420 + (-2 - 0) + 2 + 3. Calculate the greatest common factor of m and 47.
47
Let d(i) = i**2 - 11*i - 6. Let w be d(11). Let z be 16/w*(-15)/4. What is the highest common factor of 10 and z?
10
Suppose -60 = -2*x + 2*h - 0*h, 2*x = 4*h + 56. Suppose -x = -y - 2. What is the greatest common divisor of 12 and y?
6
Let j(b) = -4*b**2 + b**3 + 8*b - b**2 - 8 - 4*b**2 + 14. Let i be j(8). What is the highest common divisor of i and 42?
6
Suppose 4*g = 2*k + 14 - 36, 4*k + g = 35. Calculate the greatest common divisor of 90 and k.
9
Suppose 0*c + 2 = -2*z + 2*c, 9 = 3*z + 3*c. Calculate the greatest common divisor of z and 4.
1
Let d = 29 + -17. Let m = -2 - -3. Let z(w) = 19*w - 1. Let b be z(m). Calculate the highest common factor of d and b.
6
Let k(q) = 6*q - 4. Let b be k(3). Let v = b - -3. What is the greatest common divisor of 102 and v?
17
Let q be (-2)/(-1) + 6/1. Let i = 18 - q. What is the highest common divisor of 80 and i?
10
Suppose i - 2*i = 2*x - 335, -4*x + 329 = i. Calculate the greatest common factor of 31 and i.
31
Suppose 0 = -4*x + 39 + 161. Let l be (-4)/(-2) - 4 - -2. Suppose l*o + 5*o - x = 0. What is the greatest common divisor of o and 70?
10
Let x(u) = u**2 - 14*u + 23. Let w be x(13). Let v be (-3)/6 + 51/2. What is the highest common divisor of v and w?
5
Let h = 11 + 2. Suppose -432 = 7*u - 1433. Calculate the highest common divisor of h and u.
13
Suppose c + 4*z - 10 = -1, z + 9 = 2*c. Let y be c - (2 - 2/(-2)). Calculate the greatest common divisor of y and 1.
1
Let t = -19 + 65. Calculate the highest common factor of 506 and t.
46
Let g be (-52)/(-20) - (-4)/10. Suppose 0*c - 5*c = 4*f - 220, 2*f = -g*c + 110. Suppose 2*l - 33 = -l. What is the highest common divisor of l and f?
11
Let b(z) = 2*z**2 + 11*z + 3. Let l be b(-9). What is the highest common factor of 33 and l?
33
Let q(x) = x**3 + 3*x**2 - x + 6. Let r be q(-3). Calculate the greatest common factor of r and 81.
9
Suppose z - 4*z = -180. What is the greatest common divisor of 12 and z?
12
Let y(v) = 4*v. Let x be y(4). Calculate the highest common factor of 80 and x.
16
Suppose -3*i + 219 = 3*g, i - 3*i - 286 = -4*g. What is the greatest common factor of g and 9?
9
Let j(p) = -p**2 + 18*p + 13. Let h be j(18). What is the highest common divisor of h and 117?
13
Let s be -1*2 + 16 - -2. Let l(x) = x**2 - 2*x - 8. Let y be l(8). Calculate the greatest common factor of y and s.
8
Suppose 4*u - 2*s - 16 = -0*s, 2*s = -4*u. What is the greatest common factor of 14 and u?
2
Let a = 72 + -37. Let t = 6 - 6. Suppose t = -3*f + 9 + 12. Calculate the greatest common factor of f and a.
7
Let y = 7 - 4. Let u(r) = 27*r**2 - r. Let o be u(1). Suppose y*w - 40 = o. Calculate the highest common divisor of 11 and w.
11
Let y(c) = 92*c**2 - c. Let a = 4 + -3. Let o be y(a). Let m be (30/(-4) + 1)*-2. What is the highest common factor of o and m?
13
Let b(d) = 2*d**3 + 23*d**2 + 22*d. Let k be b(-10). Calculate the highest common divisor of 30 and k.
10
Let f be 294/28*4/7. What is the greatest common divisor of 54 and f?
6
Suppose 4 = 3*r - 11. Suppose 0 - 4 = -2*t. Suppose -3*k = t*k - 225. What is the greatest common factor of r and k?
5
Suppose 4*j = 23 + 21. Suppose -4*o - 7 = -2*b - b, 3*b - 2*o - 5 = 0. Calculate the highest common factor of j and b.
1
Suppose 0*c - c = -8. Let q = c - -28. What is the highest common divisor of 9 and q?
9
Let i be (-1 + 0/(-2))*-13. Suppose i = -o + 58. Let b = -382 + 391. What is the highest common divisor of b and o?
9
Let x be (6/8)/(2/152). Let l be 24 - 3*3/9 - 4. What is the greatest common divisor of l and x?
19
Suppose 5*f - 3*f = 90. Let p(u) = -u + 5. Let w be p(-4). Calculate the greatest common factor of w and f.
9
Suppose -2*p + 60 = 5*u, -3*p = -4*u - 0*p + 48. Suppose -3*h - 4*i = -240, 2*i + 426 = 3*h + 2*h. Calculate the greatest common divisor of h and u.
12
Let k(o) be the second derivative of -o**5/20 - 5*o**4/12 - o**3/2 + 7*o**2/2 - 2*o. Let h be k(-5). What is the greatest common factor of 2 and h?
2
Let l = -14 - -29. What is the greatest common divisor of 165 and l?
15
Suppose 3*z - 4 = 110. Let d = 173 - z. What is the greatest common divisor of 27 and d?
27
Suppose -2*c - 96 = -4*c. Calculate the greatest common factor of c and 12.
12
Suppose 5*p = 5*j - 125, 3*j - 63 = -0*j - p. What is the greatest common divisor of 55 and j?
11
Let w(n) = -7*n + 3. Let a(u) = 2*u**3 + 3*u**2 + u. Let f be a(-2). Let q be w(f). Let t = -5 + 10. Calculate the highest common factor of t and q.
5
Suppose -c + 20 = c. Let x be 10/25 + 386/c. Suppose 0 = 4*n - n - 39. What is the highest common factor of n and x?
13
Suppose 3*c - 80 = -2*c. Let s be (-98)/(-8) + (-4)/c. Calculate the greatest common factor of s and 12.
12
Suppose 21 + 11 = 3*k + 2*s, 2*s = k. Let